3) to base 16.
-1d4
What is 108 (base 16) in base 11?
220
Convert -111000011101 (base 2) to base 16.
-e1d
-32403 (base 5) to base 11
-1746
c0 (base 13) to base 15
a6
What is 400202 (base 5) in base 2?
11000100001000
-1022 (base 3) to base 15
-25
-38a (base 14) to base 15
-325
Convert 3a57 (base 12) to base 7.
25336
Convert 1468 (base 14) to base 7.
13361
What is e5d (base 16) in base 7?
13502
a2 (base 12) to base 10
122
Convert 461 (base 13) to base 5.
11010
-563 (base 9) to base 11
-390
What is -18020 (base 10) in base 14?
-67d2
Convert 3660 (base 7) to base 16.
555
2722 (base 8) to base 11
1135
-15b4a (base 12) to base 8
-74452
Convert 5555 (base 13) to base 3.
121022202
What is -7c2 (base 16) in base 8?
-3702
18288 (base 9) to base 12
738b
What is 655 (base 10) in base 9?
807
What is 103d (base 15) in base 16?
d69
Convert -23a6 (base 12) to base 5.
-112024
What is -8b1 (base 12) in base 6?
-5541
Convert 24456 (base 10) to base 6.
305120
What is -3795 (base 12) in base 10?
-6305
-1340302 (base 6) to base 11
-51615
What is 235a (base 13) in base 11?
3814
1122331 (base 5) to base 4
10331311
Convert 15801 (base 10) to base 6.
201053
112011120 (base 3) to base 13
4917
Convert -6370 (base 12) to base 11.
-81a5
36101 (base 11) to base 9
78332
Convert -29834 (base 10) to base 15.
-8c8e
1185a (base 13) to base 12
16761
Convert -100 (base 10) to base 14.
-72
45224 (base 7) to base 12
674b
What is -10100111110 (base 2) in base 5?
-20332
-1803 (base 11) to base 16
-8fe
-3ba (base 15) to base 13
-505
-131023 (base 4) to base 13
-b08
Convert -21688 (base 11) to base 3.
-1121010021
What is -3721 (base 11) in base 2?
-1001011111111
Convert -53255 (base 9) to base 10.
-35204
What is -f5c (base 16) in base 15?
-1272
-12212013 (base 4) to base 8
-64607
331 (base 15) to base 10
721
What is -1232242 (base 6) in base 14?
-1a3d0
Convert -6a64 (base 11) to base 8.
-22062
Convert 31002100 (base 4) to base 5.
3202032
What is -602 (base 7) in base 2?
-100101000
493 (base 15) to base 6
4450
222200 (base 7) to base 15
b935
What is -201431 (base 5) in base 7?
-24632
What is -11000111100 (base 2) in base 13?
-95a
-314 (base 10) to base 5
-2224
Convert -1121 (base 8) to base 11.
-49a
2120221 (base 3) to base 8
3540
Convert 7244 (base 9) to base 7.
21316
-1da9 (base 15) to base 9
-8766
Convert 4504 (base 6) to base 3.
1102211
597 (base 11) to base 2
1011000111
Convert -363 (base 7) to base 13.
-11a
Convert 122331 (base 4) to base 16.
6bd
What is -280 (base 13) in base 9?
-541
What is 4296 (base 11) in base 9?
7701
Convert -24350 (base 6) to base 7.
-13323
Convert -53768 (base 9) to base 4.
-20230211
Convert 454 (base 11) to base 13.
32a
Convert -311321 (base 5) to base 3.
-112000012
What is 10101111000011 (base 2) in base 10?
11203
4053 (base 6) to base 7
2421
140410 (base 5) to base 9
7766
What is -322220 (base 5) in base 15?
-3390
Convert 1305 (base 7) to base 6.
2143
Convert -320 (base 7) to base 11.
-137
What is 305 (base 6) in base 13?
89
What is 1002220121 (base 3) in base 7?
120400
What is -2953 (base 14) in base 8?
-16235
What is -407 (base 8) in base 4?
-10013
Convert 5143 (base 6) to base 4.
101313
10010 (base 5) to base 13
396
3416 (base 9) to base 2
100111011110
What is -111643 (base 7) in base 16?
-4da4
-11305 (base 9) to base 7
-30656
Convert 6250 (base 8) to base 3.
11110000
What is 24032 (base 5) in base 10?
1767
947 (base 12) to base 14
6c7
What is 1064 (base 11) in base 5?
21101
256a (base 16) to base 9
14122
101011101 (base 2) to base 12
251
What is -35aa (base 11) in base 4?
-1021232
What is 9adb (base 16) in base 3?
2000101021
What is -1218 (base 12) in base 15?
-90b
Convert -1b5 (base 14) to base 8.
-543
Convert -13400 (base 7) to base 6.
-24442
Convert 8c51 (base 13) to base 9.
28875
What is 3707 (base 15) in base 9?
17047
Convert 15253 (base 9) to base 7.
42240
Convert 1300 (base 7) to base 9.
604
Convert -24225 (base 9) to base 6.
-203035
What is 1010110001101110 (base 2) in base 5?
2403032
What is -1652 (base 7) in base 8?
-1242
-3211 (base 5) to base 4
-12233
What is 121 (base 11) in base 13?
b1
Convert 11200200 (base 3) to base 12.
1b90
Convert -14a (base 13) to base 11.
-1a0
8ac7 (base 16) to base 12
18687
What is -29e (base 15) in base 13?
-371
What is 10123 (base 7) in base 15?
ae7
What is -176a (base 11) in base 13?
-1045
Convert -6aa (base 11) to base 5.
-11341
Convert 9ca9 (base 13) to base 9.
33077
What is 5754 (base 16) in base 9?
33600
511 (base 13) to base 6
3551
20131 (base 6) to base 7
10501
What is 1001110010101100 (base 2) in base 11?
28152
Convert -c1b2 (base 13) to base 16.
-6836
3000003 (base 4) to base 8
30003
-140 (base 8) to base 14
-6c
What is -50 (base 15) in base 14?
-55
-ae3 (base 16) to base 15
-c5c
Convert 27148 (base 9) to base 14.
698a
332d (base 14) to base 8
21235
What is -1018 (base 10) in base 3?
-1101201
What is -55341 (base 9) in base 2?
-1000111101111010
Convert 3755 (base 9) to base 15.
c6e
Convert 12571 (base 9) to base 2.
10000100101000
-111100100001 (base 2) to base 5
-110443
What is 20133100 (base 4) in base 3?
1202200201
What is -1437 (base 15) in base 12?
-2607
What is -2860 (base 9) in base 3?
-2222000
Convert -325302 (base 6) to base 7.
-142016
What is 250c (base 13) in base 16?
1483
What is 3253 (base 6) in base 3?
1000220
What is 85a8 (base 12) in base 10?
14672
Convert -926a (base 12) to base 2.
-11111000110010
What is 9645 (base 16) in base 3?
1221202210
Convert -4203 (base 6) to base 15.
-429
Convert -101110011001 (base 2) to base 10.
-2969
-16118 (base 11) to base 4
-11203233
What is 1101212 (base 3) in base 10?
1022
Convert -110010111100 (base 2) to base 6.
-23032
What is -1209 (base 15) in base 8?
-7372
What is 134a (base 14) in base 15?
1018
Convert 130223 (base 5) to base 8.
11707
Convert -5331 (base 8) to base 10.
-2777
What is -123322 (base 4) in base 13?
-a75
-804a (base 11) to base 4
-2213032
-48102 (base 9) to base 3
-1122010002
What is -110110000 (base 2) in base 6?
-2000
1443130 (base 5) to base 6
355412
Convert -2001 (base 4) to base 10.
-129
What is -2b19 (base 12) in base 5?
-130221
418 (base 10) to base 13
262
7177 (base 8) to base 15
1176
Convert 1a91 (base 16) to base 14.
269b
Convert 42154 (base 8) to base 15.
52cb
What is -2720 (base 8) in base 2?
-10111010000
What is -390 (base 15) in base 14?
-41c
-262 (base 8) to base 4
-2302
-964 (base 11) to base 10
-1159
6726 (base 9) to base 10
4965
Convert -11003 (base 5) to base 13.
-45c
Convert 416 (base 9) to base 6.
1323
-a3 (base 12) to base 9
-146
What is -3aa (base 12) in base 2?
-1000110010
-22337 (base 10) to base 16
-5741
26313 (base 7) to base 11
52aa
Convert -a801 (base 12) to base 3.
-221021201
6ac (base 15) to base 3
2002000
Convert -130400 (base 6) to base 11.
-8965
Convert 1a3a5 (base 14) to base 5.
4112324
-21570 (base 8) to base 2
-10001101111000
3075 (base 10) to base 16
c03
1212 (base 3) to base 2
110010
Convert 1183 (base 14) to base 8.
5757
1000010100111111 (base 2) to base 4
20110333
Convert -22103 (base 4) to base 14.
-351
5370 (base 14) to base 8
34106
Convert -101111110100 (base 2) to base 14.
-1188
Convert 6352 (base 13) to base 8.
32674
Convert -2112131 (base 4) to base 9.
-14178
11301210 (base 4) to base 13
a9c5
What is 1229 (base 11) in base 8?
3104
What is 1643 (base 10) in base 15?
748
3520 (base 6) to base 10
840
What is -abd (base 14) in base 12?
-1293
-1a06 (base 13) to base 7
-14231
Convert -2a (base 13) to base 2.
-100100
Convert 1123 (base 15) to base 3.
11222120
36416 (base 9) to base 16
5f4c
-dd3 (base 15) to base 13
-1563
Convert 15637 (base 13) to base 10.
40606
What is 43220 (base 7) in base 10?
10745
-22333 (base 4) to base 3
-222001
What is 1a9 (base 15) in base 12?
280
Convert 10011000000010 (base 2) to base 15.
2d3a
Convert d6e (base 15) to base 2.
101111010101
Convert -2d4b (base 15) to base 12.
-5782
What is -880 (base 12) in base 15?
-583
-15 (base 15) to base 8
-24
1046 (base 9) to base 10
771
Convert -2207 (base 12) to base 3.
-12010221
What is 2516 (base 13) in base 15?
1858
What is 10000010011 (base 2) in base 8?
2023
Convert -1071 (base 8) to base 2.
-1000111001
What is 682 (base 15) in base 16?
5c0
168 (base 11) to base 5
1240
-20012000 (base 3) to base 9
-6160
Convert -4423 (